p(r) = -5*r**3 - 18*r**2 - 26*r + 3. Let t be p(-2). Calculate the greatest common factor of t and 2369.
23
Let z be 3/(-9) - 7/(-3). Let s be 12*(z/2 - 0). Let g be (1771/(-55) - -34)*30/18. What is the highest common factor of s and g?
3
Suppose 10*o - 9*o + 78 = 0. Let d be (1 + o/8)/(10/(-80)). Let b = -23 + 33. What is the highest common factor of b and d?
10
Let k = 105 - 36. Suppose -39 - k = -3*j. What is the greatest common divisor of 27 and j?
9
Let f = 61 + -59. Suppose f*w + p = 41, -w + 5*p + 12 = -36. Let k = w + -19. What is the highest common divisor of 40 and k?
4
Suppose -1336 = 2*s - 0*s - 6390. Calculate the highest common divisor of 19 and s.
19
Suppose 9*x - 1703 - 700 = 0. Let c be (-64 + x)*8/14. Calculate the highest common factor of 29 and c.
29
Suppose -267*p + 65768 = t - 265*p, -4*t - 3*p = -263052. Calculate the greatest common divisor of 120 and t.
120
Let j(r) = 20*r**2 + 2*r + 10*r + 15*r**2 - 24 + 13. Let i be j(1). What is the greatest common factor of i and 342?
18
Suppose -2296 = 354*g - 362*g. Calculate the highest common factor of g and 902.
41
Suppose -2*r - r - 76 = 5*g, -2*r + 5*g = 84. Let c = 13 - r. Suppose -3*p = 6*p - c. What is the greatest common factor of 45 and p?
5
Suppose 5*h - 872 = -2*c + 9*h, -3*c = 5*h - 1341. What is the highest common factor of c and 234?
26
Suppose -5 = 4*o - 4*s - 33, 0 = -o + 4*s - 2. Suppose -h = -4*n - o, -n - 10 = -5*h + h. Calculate the highest common divisor of h and 44.
2
Let q = 6268 + -2392. Calculate the highest common divisor of 4 and q.
4
Suppose -3*t + 152 = 4*l + 2*t, 125 = 3*l + t. Suppose -l*p - 5696 = -14597. Calculate the highest common factor of 23 and p.
23
Suppose -2*i - 22 = -4*x, x - 4 = -0*i - i. Suppose -3*f + x = 2*f, -2*f = 2*o - 82. Calculate the highest common divisor of o and 180.
20
Suppose -5*h - 5*w + 2111 = -2689, 2*h - 3*w - 1935 = 0. Let k = h + -639. What is the highest common factor of 12 and k?
12
Let h = 6017 - -516. Calculate the highest common divisor of 141 and h.
47
Let i = 16114 - 14670. Calculate the highest common divisor of 4 and i.
4
Let o = -276 - -281. Suppose -2*m + 97 = -3*a, m + o*a - 29 = -0*a. What is the greatest common divisor of 33 and m?
11
Suppose 0 = -3*r + 4*c + 804, 7*r = 4*r + c + 795. What is the highest common divisor of r and 2816?
88
Let c be -63*(-1 - (-1 + 1)). Let j(m) = m**2 - 4*m - 4. Let q be j(-6). Suppose 6*n + 2 = q. Calculate the highest common factor of n and c.
9
Suppose -137 = -2*s + 5*s - 242. Calculate the greatest common factor of 495 and s.
5
Let h = -2376 + 2794. What is the greatest common factor of 1634 and h?
38
Let w = 125 - 80. Let p = -665964 - -665979. What is the greatest common divisor of p and w?
15
Suppose s + 5*m - 118 = 73, -2*m = 2*s - 342. Suppose 10*l - s = 104. Suppose -87 = -i - l. What is the greatest common factor of i and 75?
15
Let j(q) = -2*q**2 - 110*q - 653. Let c be j(-46). What is the highest common divisor of 1855 and c?
35
Let y be (4*(-5)/110)/((-2)/22). Suppose -4*n + y*i + 116 = 0, 3*n + i - 60 - 37 = 0. Suppose h = 170 - 15. What is the greatest common factor of n and h?
31
Let k = -88 - -93. Suppose 0 = 5*q - k*x - 130, 5*q + 4*x - 175 = -0*x. Let r = -17 + q. Calculate the greatest common factor of 21 and r.
7
Let d = -476 + 477. Suppose p = -d, -4*r + 15 = -5*p + 6*p. Calculate the greatest common factor of 32 and r.
4
Suppose -3*h = -340 - 1244. Calculate the highest common divisor of h and 33.
33
Let z be (19014/(-192))/(-1) + 241/(-7712). Let i(c) = c**2 - 4*c - 1. Let y be i(-5). What is the highest common factor of z and y?
11
Suppose 2128 = -10519*g + 10538*g. Calculate the greatest common divisor of 2604 and g.
28
Suppose 88*x - 4379 = -507. What is the highest common divisor of x and 4796?
44
Let o be (-3)/(-4) + 1755/(-260) + 52. Calculate the highest common factor of 15893 and o.
23
Let m = 187 - 97. Let c = -77 - -39. Let s = -29 - c. Calculate the greatest common factor of s and m.
9
Suppose 0 = -13*l + 11*l. Suppose 5*c + 5*y - 1005 = 0, l = 8*c - 5*c - 4*y - 596. Calculate the greatest common divisor of c and 25.
25
Let j = -229 + 359. Suppose 15 = -8*g + 11*g. Let b(n) = n**2 - n + 6. Let z be b(g). Calculate the highest common divisor of z and j.
26
Let t(p) = p + 9. Let q be t(2). Suppose 3*h = -3*d + 21, d = 5*h - 12 - q. Suppose -z + 6 = d*z. Calculate the greatest common factor of 4 and z.
2
Suppose 0 = -p - 4*p + 2*p. Suppose 38*h - 41*h + 252 = p. Let i(g) = 7*g**2. Let o be i(2). What is the greatest common factor of o and h?
28
Suppose -28 = 2*w - 40. Let n(q) = 10*q - 50. Let g be n(w). Calculate the greatest common divisor of g and 10.
10
Suppose -14*c + 86 = -10*c - 2*m, m - 41 = -2*c. Let y be (-1*7)/(2/(-138)). What is the highest common divisor of y and c?
21
Suppose 3842*d + 21 = 3843*d. Suppose -3*r = 28 - 7. Let a = 7 - r. Calculate the greatest common divisor of a and d.
7
Let j(w) = 2*w**2 - 9*w - 1. Suppose 13*d - 8*d - 25 = 0. Let x be j(d). Let n(q) = 4*q - 2. Let m be n(x). What is the highest common factor of m and 126?
14
Let i be (2/3)/(-7*6/(-315)). Suppose 0 = -5*v + 1268 + 312. Suppose 0 = 5*u - 15, 5*t - 5*u - v = -2*u. Calculate the highest common divisor of t and i.
5
Let h be (-4)/(-1)*(412/8 + -17). What is the greatest common divisor of h and 2438?
46
Let d be (-84)/(-9282)*13 + (-88636)/(-17). What is the highest common factor of d and 9?
3
Suppose -x + 28 = 27. Suppose -5*a + 31 + 124 = 0. Calculate the greatest common divisor of a and x.
1
Let d(y) = -14*y**2 + 6*y + 41. Let f be d(6). Let q = 410 - f. Calculate the greatest common divisor of q and 31.
31
Let v be 127 - (16 - 43 - -16). What is the highest common divisor of 437 and v?
23
Let f = 8399 + -5651. Calculate the highest common divisor of 12 and f.
12
Let d = -939 + 961. Suppose a + 5*k + 6 = -7, 0 = -2*a + 4*k + 16. Suppose -a*x = 2*x + m - 45, 25 = 2*x + 3*m. What is the highest common factor of d and x?
11
Suppose 72 = o + 4*t, -3*o + 2*t + 233 = 3. Let q = 974 - 962. What is the highest common divisor of q and o?
4
Suppose -11 = 4*v - 3*g + 2*g, -2*g - 14 = v. Let x = v - -37. Suppose -3*s = 2*u - 33, 3*s + u = -2*u + x. Calculate the greatest common divisor of s and 77.
11
Let k(q) = -7*q - 7. Let b be k(12). Let s = -67 - b. Let u be -3 + (s/(-18))/(4/(-174)). What is the greatest common divisor of 22 and u?
11
Let w = -2369 + 2381. Calculate the greatest common factor of w and 732.
12
Suppose -4*g + 2*y - 20932 = 4*y, 4*y = 4*g + 20956. Let a be g/(-25) + (-15)/(-25). Calculate the greatest common divisor of 30 and a.
30
Suppose 653*o - 40300 = -122*o. What is the highest common divisor of o and 17212?
52
Let p(n) = 32*n**2 - 6*n + 367. Let r be p(8). What is the greatest common divisor of 45 and r?
9
Suppose 5*d - 2359 = -2*d + 7217. Calculate the greatest common factor of d and 576.
72
Let x(d) be the third derivative of 7*d**5/60 - 7*d**4/12 - 28*d**3/3 + 6*d**2 + 3. Let i be x(-4). Calculate the highest common divisor of i and 28.
28
Let c(w) = -309*w + 7733. Let f be c(25). What is the highest common factor of 136 and f?
8
Suppose -20*d + 785 = -1655. What is the greatest common factor of 13298 and d?
122
Let n = 293673 + -293665. Let h(o) = -o**3 - 2*o**2 + 2*o + 4. Let w be h(-4). What is the highest common divisor of n and w?
4
Let i(u) = 44*u**2 + 6*u - 25. Let x be i(5). Let v be 5 - x/(-26) - 1/(-2). Calculate the greatest common divisor of v and 384.
48
Suppose 4*x + 11 - 15 = 0, -2*x - 174 = -2*o. What is the greatest common divisor of 4664 and o?
88
Suppose 2*x - 3*c = 45, 0 = -0*x - x + 2*c + 25. Let v = 10 + x. What is the highest common factor of v and 50?
25
Let v be (0 + -1)/(1/(-160)). Let w(i) = -i**3 + 32*i**2 - 335*i + 9434. Let p be w(31). Calculate the greatest common factor of p and v.
10
Let o = -13884 - -13911. Calculate the highest common factor of o and 3195.
9
Suppose 2*r + 4*q = 372, -3*r - 9*q + 555 = -6*q. Calculate the greatest common factor of 96 and r.
8
Let y(n) = 2*n**2 + 28*n + 392. Let h be y(-16). What is the highest common factor of h and 120?
24
Let j(p) be the third derivative of p**5/60 + p**4/6 + 7*p**3/6 + 239*p**2. Let s be j(-5). What is the highest common divisor of 100 a